(a) = a**2 + 2*a + 4. Determine p(k).
19
Let m(y) be the first derivative of y**6/120 - y**5/12 + y**4/8 - 7*y**2/2 - 16. Let h(c) be the second derivative of m(c). Give h(4).
-4
Let u(h) = -3*h - 10. Let q be (36/8 + -5)*0. Give u(q).
-10
Let v(i) = 4*i - 1. Let q be -8 - (3/1 + -1). Let r(o) = -o**3 + o**2 + 4*o - 1. Let d be r(3). Let h = d - q. Determine v(h).
11
Let q(g) be the third derivative of -1/12*g**4 + 0 + 6*g**2 + 0*g + 1/3*g**3. Suppose -4 + 16 = -4*f. Calculate q(f).
8
Let z(q) be the third derivative of q**7/840 + q**6/360 + q**4/12 - q**3/3 + 15*q**2. Let t(h) be the first derivative of z(h). Calculate t(-2).
-2
Let a(c) be the third derivative of c**5/60 + 3*c**4/4 + 4*c**3/3 - 40*c**2 + 2. Calculate a(-17).
-9
Let x(a) be the first derivative of -5*a + 1/3*a**3 + 5/2*a**2 - 27. Give x(-6).
1
Suppose -20*l = -21*l + 5. Let k(h) be the second derivative of h**5/20 - 5*h**4/12 + 2*h**2 + 15*h. Give k(l).
4
Suppose 0 = 349*t - 351*t - 14. Let r(p) = p - 10. What is r(t)?
-17
Let k(s) = s**3 + s - 5. Let i(w) = -w**3 - 33*w**2 - 32*w + 3. Let d be i(-32). What is k(d)?
25
Let y(c) be the third derivative of 0*c + 1/6*c**4 + 0 + 1/6*c**3 + 1/15*c**5 - 10*c**2 + 1/120*c**6. Let w be -1*-2*(-6)/4. Give y(w).
-2
Let l(v) = -4*v. Suppose -3*n + 4 = m, -5*m = 18*n - 23*n - 40. Calculate l(m).
-28
Let r(k) = -k - 1. Let g be (-24)/(-9) + 2/6. Suppose 0 = g*l + 4 - 16. Suppose l*d = 2*d. Calculate r(d).
-1
Let t(a) = 2*a**3 + 12*a**2 - 5*a + 10. Let z(k) = -k**3 - k**2 - 2*k + 3. Let c(o) = -t(o) - 3*z(o). What is c(8)?
5
Suppose -3*x - 4*p = 7, -3*x - 10 = 2*x + 5*p. Let v be (3/(-2))/(x/(-2)). Let a(o) be the third derivative of -o**4/12 + o**3/2 - o**2 - 62*o. Calculate a(v).
9
Let v(s) = -s**3 + s + 1. Let u(z) = -2*z**3 + 6*z**2 + 8*z + 4. Let q(m) = u(m) - 3*v(m). Calculate q(-4).
13
Let a(u) = -u**3 + 9*u**2 - 8*u + 3. Let c(s) = 4*s - 29. Let g be c(9). Let f be g/((-7)/10)*4/(-5). Determine a(f).
3
Let z = -250 + 176. Let y = z - -72. Let p(h) = h + 0 + 5*h - 1. Give p(y).
-13
Let h be (-181)/6697 + (-72)/74. Let k(c) = 5*c**3 + 3*c - c**2 - 27*c**3 - 4*c. What is k(h)?
22
Let g(q) = -q + 1020 - 984 - 3*q. Give g(11).
-8
Let x(s) = 7*s**2 + 3*s - 5. Let i(n) = 11*n**2 + 4*n - 7. Suppose -5*a - 13 - 12 = 0. Let u(f) = a*i(f) + 8*x(f). Give u(-6).
7
Let i(v) = -240*v**3 + 241*v**3 - 3 + 2 - 4*v**2 + 4*v. Give i(2).
-1
Let a(k) = 3*k + 40. Let g(t) = -t - 6. Let u(z) = -a(z) - 4*g(z). What is u(11)?
-5
Let p(m) = m**2 - 5*m - 6. Let f be p(5). Let s(d) = -d + 6. Let q = 29 - 35. Let y(x) = x - 5. Let w(z) = q*y(z) - 5*s(z). Give w(f).
6
Let b be (0 + -1)/(-1)*-3. Let f(s) = 5*s + 3*s**2 + 2 + 0*s + s**3 - 8*s - 4. Determine f(b).
7
Let r(p) be the third derivative of p**6/120 + p**5/6 - p**4/24 - p**3/2 + 4*p**2. Give r(-10).
7
Let r(c) = -11*c**2 - 1. Let z(b) = -21*b**2 - b - 3. Let p(d) = -5*r(d) + 2*z(d). Determine p(-1).
14
Let g be ((-10)/12 - 20/(-24)) + 2. Let r(x) = 2*x**2 - x + 2. Determine r(g).
8
Let v(j) = 2*j + 15 + j - 11*j - j + 7*j. Calculate v(9).
-3
Let l = -79 - -75. Suppose 5*v = 3 + 17. Let h be (v/(-3))/(l/9). Let u(s) = s + 1. Determine u(h).
4
Let t = 9 + -5. Suppose t*j = -0*j + 28. Suppose -j - 18 = -5*i. Let q(y) = -y**3 + 5*y**2 + y - 5. Calculate q(i).
0
Let q(u) = -u - 10. Let r be (1 + -1)/(11 - 10). Let c(y) = -y**2 - 8. Let b be c(r). Give q(b).
-2
Let i(f) = 18*f + 34. Let p(x) = 10*x + 4*x - 11*x + 6. Let n(c) = -6*i(c) + 34*p(c). Give n(-1).
6
Let k(d) = -d**2 - 15*d + 21. Let j be 83/(-5) + (-39)/(-65). Let t be k(j). Let h(w) = 2*w + w**2 + 7 - 2*w**2 + 0*w**2. Determine h(t).
-8
Let h(t) = t**2 + 5*t - 1. Let r = 16 + -11. Suppose -x = -r*p + 2*p + 1, 0 = x - 4*p. Calculate h(x).
-5
Suppose 0 = -59*m + 65*m - 36. Let u(w) = -w**3 + 6*w**2 + 4*w - 3. Give u(m).
21
Let w(x) = x + 18. Suppose -114 + 48 = 6*g. What is w(g)?
7
Let t = -27 - -38. Suppose t*r - 6*r = -15. Let y(p) be the second derivative of p**4/12 + 5*p**3/6 + p**2/2 + 15*p. Determine y(r).
-5
Let k(l) = l**2 + l - 4. Let w be k(0). Let u(s) = -3*s - 10. Let f be u(w). Let a = -4 + f. Let v(p) = 3*p**3 + 3*p**2 + 2*p + 3. Calculate v(a).
-13
Let u(h) be the second derivative of h**5/20 - 2*h**4/3 + 13*h**3/6 + h**2/2 + 125*h. What is u(6)?
7
Let w(i) be the second derivative of i**4/12 + 7*i**3/6 + i**2/2 - 15*i + 2. Calculate w(-7).
1
Let b(v) = -5*v - 3. Suppose 2*o - 3*l + 10 = 0, -1 - 3 = l. Calculate b(o).
52
Let r(t) = -16*t**2 - t. Suppose m + 0*v = -5*v - 21, 2*m - 5*v = 18. Give r(m).
-15
Let i(s) = s**3 - 8*s**2 - 35*s - 10. Let c be i(-3). Let p(u) = 6 + 0 + u - 4. Determine p(c).
-2
Let j(b) be the second derivative of b**3 - 2*b**2 - 4*b. Give j(-2).
-16
Let h(f) = 3*f**3 + 4*f**2 - 2*f - 4. Let n(s) = -s**2 + 1. Let v(t) = h(t) + 4*n(t). Let p = 2 + 1. Let z be (-2)/p*15/(-5). Give v(z).
20
Let z be -2 + (7 - -2) + -3. Let u(a) = -4 - 3*a - z*a - 1 + 3. Calculate u(3).
-23
Let w(x) = 4*x**2 - 3*x - 1. Let f(b) = -17*b**2 + 13*b + 4. Let o(a) = -6*f(a) - 26*w(a). Let u be o(-2). Let c = u + 0. Let k(n) = n - 1. Calculate k(c).
-7
Let d = 86 + -84. Let r(h) = -17*h**2 - 8*h + 5*h**d + 2 + 13*h**2. Give r(8).
2
Suppose 0 = -2*t + 3*t + 2*b, -t + b = 3. Let a = 5 + t. Let g(o) = -4 + 6*o**2 + 7 + o - 3*o**3 + 4*o**a. Determine g(-6).
-3
Let v(b) = -b - 4. Let m(d) = d**2 + 6*d + 6. Let w be m(-5). Let t = w + 2. Suppose f - 4*l - 4 = -t*f, -2*f = -l - 4. Determine v(f).
-7
Let x(a) = -2*a**3 + a**2 + 14. Let h(o) = 21*o**3 - 5*o**2 - 2*o - 69. Let u(k) = -h(k) - 5*x(k). Suppose -5*y = -3*s - 5, -2*y - 5*s + 3 = y. Calculate u(y).
-10
Let u = 12 - 6. Let j = 6 - u. Let x(g) be the first derivative of -g**4/4 + g - 203. Determine x(j).
1
Let b(s) = -s + s + 2*s + 1. Suppose -21 = -0*t - 7*t. Suppose -7*l + 4 = -t. Give b(l).
3
Let p(j) = j - 4. Let x(m) = 2*m - 3. Suppose 2*l + 5 = -5. Let w(g) = l*x(g) + 4*p(g). Let b(q) = 6*q - 145. Let t be b(24). Give w(t).
5
Let g(c) be the second derivative of -c**4/6 + c**3/6 + 221*c. What is g(2)?
-6
Suppose -a = -w - 47 + 40, -12 = 2*w. Let d(y) = 7*y**3 - 2*y**2 + 2*y - 7. Let q(p) = 20*p**3 - 6*p**2 + 6*p - 20. Let l(o) = 17*d(o) - 6*q(o). Determine l(a).
0
Let d(p) be the second derivative of -p**5/20 - 5*p**4/12 - p**3/3 - p**2 + p - 19. Suppose 24 = -5*s + 4. Calculate d(s).
-10
Let t(g) = -g**2 - 19*g - 5. Let y be t(-18). Let k(l) = l**2 - 14*l + 7. Calculate k(y).
-6
Let g(j) = 8*j**2 + 2*j - 1. Suppose 2 = a - 0. Let f(u) = 9*u**2 + 3*u - 1. Let r(o) = a*f(o) - 3*g(o). Let s be (-228)/(-304) + -1*(-1)/4. What is r(s)?
-5
Let l(k) = -3*k - 25. Let w be l(-9). Let s(v) = -v - 2*v + 4 - 3 + w*v. Let y(o) = -o**3 - o**2 - 1. Let j be y(0). Give s(j).
2
Let v be 20*33/(-2970) + (22/18 - 1). Let y(k) = -k**3 + k**2 + 2*k - 3. Let t(m) = 5*m**3 - 5*m**2 - 9*m + 13. Let w(l) = 2*t(l) + 9*y(l). What is w(v)?
-1
Let l(v) be the second derivative of 8*v**5/5 + v**3/6 + v + 12. What is l(1)?
33
Let u(g) = -g**3 + 15*g**2 - 24*g - 32. Let r = 1456 + -1443. Calculate u(r).
-6
Let d be -16 - (-11)/((-110)/(-80)). Let o(y) = 9*y + 4. What is o(d)?
-68
Let r be ((-344)/(-215))/((-2)/5). Let o(v) = v**3 + 2*v**2 - 7*v. What is o(r)?
-4
Let q = 2 - 1. Let o(t) = -34*t - 11. Let j(w) = -97*w - 31. Let l(f) = -6*j(f) + 17*o(f). Calculate l(q).
3
Let p(d) = d**2 - d. Suppose -b + 4*z = -8, -b + z - 15 = -5*b. Give p(b).
12
Let w(r) = -r - 9429 + 0*r + 9439. What is w(3)?
7
Let o be ((-7)/4)/((-1 - -9)/(-32)). Let w(r) = r**2 - r - 8. What is w(o)?
34
Let s(f) = 4*f**3 + 4*f**2 + 2. Let h(l) = l**3 + l**2 - l. Let u(m) = m**3 - 7*m**2 + 11*m - 7. Let b be u(5). Let v(p) = b*h(p) + s(p). Calculate v(-2).
-10
Let r(q) = 3*q**2 + 2*q - 2. Suppose 0 = 2*l + u + 2*u - 5, -5*l + 5*u - 25 = 0. Give r(l).
6
Let j = -154 - -147. Let r(p) = 2*p + 1. What is r(j)?
-13
Let h(j) = -j**3 + 6*j**2 - 3*j + 3. Suppose -2 = q, r - 5 = -q - 1. Let y be 99/(-22)*(-8)/r. Determine h(y).
-15
Let r(y) = -y**2 + y + 23. Suppose -3*h = 4*u + 31, 5*u - 2*h = 3*h + 5. Let n be r(u). Let i(s) = -s + 4. Determine i(n).
1
Suppose -3*l = -5*y + 3, -23 = 3*l - 5*l - 5*y. Let b(k) = -20*k - 2*k + k**2 + 18*k. Calculate b(l).
0
Let g be -9*9/108*-4. Let v(z) = -z**3 + 4*z**2 - 4*z + 4. Give v(g).
1
Let n(q) = q**3 - 16*q*